s of 4121928984?
2, 3, 103, 1667447
List the prime factors of 55534786.
2, 3691, 7523
List the prime factors of 130227761.
130227761
List the prime factors of 411691129.
31, 13280359
What are the prime factors of 842080508?
2, 23, 9153049
What are the prime factors of 4674003512?
2, 23, 25402193
List the prime factors of 47804547.
3, 7, 325201
List the prime factors of 274535561.
311, 882751
List the prime factors of 3568444.
2, 11, 81101
What are the prime factors of 535400594?
2, 47, 53, 107467
List the prime factors of 138476090.
2, 5, 449, 30841
What are the prime factors of 186080402?
2, 17, 5472953
What are the prime factors of 66386253?
3, 3469, 6379
List the prime factors of 191094604.
2, 41, 1165211
List the prime factors of 932795637.
3, 310931879
What are the prime factors of 114424726?
2, 13, 19, 73, 167
List the prime factors of 49361686.
2, 11, 733, 3061
List the prime factors of 6180831486.
2, 3, 53, 1487, 4357
List the prime factors of 95862649.
1123, 85363
List the prime factors of 107481794.
2, 7, 156679
List the prime factors of 371361162.
2, 3, 859, 72053
What are the prime factors of 5716935144?
2, 3, 2083, 38119
What are the prime factors of 5669181341?
5669181341
List the prime factors of 464418114.
2, 3, 77403019
List the prime factors of 294919774.
2, 17, 109, 79579
What are the prime factors of 450713726?
2, 953, 236471
List the prime factors of 8742201.
3, 13, 43, 401
What are the prime factors of 731793854?
2, 11, 19, 47, 193
What are the prime factors of 839907535?
5, 331, 507497
List the prime factors of 130863014.
2, 263, 248789
List the prime factors of 154519303.
1823, 84761
What are the prime factors of 630895443?
3, 210298481
List the prime factors of 720617623.
11, 23, 491, 5801
What are the prime factors of 57852521?
23, 53, 47459
List the prime factors of 69137071.
139, 497389
What are the prime factors of 231416593?
23, 67, 263, 571
What are the prime factors of 700472252?
2, 175118063
List the prime factors of 932936665.
5, 1789, 104297
List the prime factors of 36360886.
2, 43, 157, 2693
List the prime factors of 814188812.
2, 157, 977, 1327
What are the prime factors of 3658988719?
37, 53, 191, 9769
List the prime factors of 3329809.
7, 29, 47, 349
List the prime factors of 352481522.
2, 73, 461, 5237
What are the prime factors of 555273904?
2, 29, 109, 10979
What are the prime factors of 393776549?
193, 2040293
What are the prime factors of 1346167667?
13, 23, 103, 43711
What are the prime factors of 82853684?
2, 433, 47837
List the prime factors of 106919664.
2, 3, 17, 283, 463
What are the prime factors of 8233577?
11, 151, 4957
What are the prime factors of 1390460682?
2, 3, 13, 1371263
List the prime factors of 2783710329.
3, 59, 1093, 14389
What are the prime factors of 1773124016?
2, 421, 461, 571
List the prime factors of 81551541.
3, 101, 181, 1487
List the prime factors of 572429528.
2, 11, 6504881
What are the prime factors of 45972225?
3, 5, 13, 31
What are the prime factors of 1689921747?
3, 257, 730619
List the prime factors of 36250691.
23, 1576117
What are the prime factors of 3032128632?
2, 3, 13, 9718361
What are the prime factors of 2669751102?
2, 3, 444958517
What are the prime factors of 921165322?
2, 7, 11, 109, 54877
What are the prime factors of 13991998?
2, 6995999
What are the prime factors of 2238204993?
3, 746068331
List the prime factors of 850986138.
2, 3, 89, 1593607
What are the prime factors of 2173691452?
2, 23, 43, 59, 67, 139
What are the prime factors of 224199196?
2, 13, 17, 127, 1997
List the prime factors of 118761155.
5, 31, 89, 8609
What are the prime factors of 58610184?
2, 3, 139, 17569
What are the prime factors of 86207176?
2, 11, 89057
List the prime factors of 519415008.
2, 3, 7, 17, 19, 2393
What are the prime factors of 21351150?
2, 3, 5, 17, 2791
List the prime factors of 26213236.
2, 7, 19, 7039
List the prime factors of 55710139.
17, 3277067
What are the prime factors of 1082133587?
1082133587
What are the prime factors of 125136615?
3, 5, 31, 8681
What are the prime factors of 68203593?
3, 991, 2549
What are the prime factors of 2081646704?
2, 1123, 115853
What are the prime factors of 29225561?
29225561
What are the prime factors of 2847?
3, 13, 73
What are the prime factors of 260369628?
2, 3, 113, 192013
What are the prime factors of 1746899?
7, 11, 463
List the prime factors of 1158612047.
179, 263, 24611
List the prime factors of 52096356.
2, 3, 13, 111317
What are the prime factors of 40601677?
263, 317, 487
What are the prime factors of 301172773?
11, 27379343
What are the prime factors of 82575322?
2, 173, 238657
What are the prime factors of 1322246810?
2, 5, 73, 1811297
What are the prime factors of 67671718?
2, 131, 173, 1493
What are the prime factors of 63371840?
2, 5, 7, 19, 1489
What are the prime factors of 135564506?
2, 7, 11, 19, 107, 433
List the prime factors of 102305985.
3, 5, 67, 101797
List the prime factors of 63472175.
5, 13, 83, 181
List the prime factors of 2373725118.
2, 3, 31, 2731, 4673
What are the prime factors of 1767066730?
2, 5, 11, 13, 1235711
What are the prime factors of 3411968607?
3, 379107623
List the prime factors of 127488864.
2, 3, 31, 42839
What are the prime factors of 1298973658?
2, 649486829
List the prime factors of 9904368.
2, 3, 206341
List the prime factors of 50329298.
2, 25164649
What are the prime factors of 4849775315?
5, 7, 11, 31, 406349
What are the prime factors of 1432681887?
3, 7, 13, 5247919
What are the prime factors of 297205652?
2, 227, 327319
What are the prime factors of 40761189?
3, 7, 17, 5437
What are the prime factors of 414381606?
2, 3, 2389, 28909
What are the prime factors of 4335971571?
3, 481774619
List the prime factors of 8106025942.
2, 7, 579001853
What are the prime factors of 269810750?
2, 5, 11, 41, 2393
List the prime factors of 256466561.
13, 19728197
What are the prime factors of 102832316?
2, 103, 249593
List the prime factors of 3722326345.
5, 79, 157, 193, 311
List the prime factors of 851224022.
2, 11, 607, 63743
List the prime factors of 133924984.
2, 16740623
What are the prime factors of 1212920700?
2, 3, 5, 739, 5471
What are the prime factors of 6268545426?
2, 3, 11, 13, 53, 137849
List the prime factors of 45634258.
2, 59, 386731
List the prime factors of 1273518277.
1273518277
List the prime factors of 63838795.
5, 12767759
List the prime factors of 244916156.
2, 19, 3222581
What are the prime factors of 1730553731?
883, 1959857
List the prime factors of 75967844.
2, 127, 149543
What are the prime factors of 10281654?
2, 3, 63467
List the prime factors of 39323687.
13, 3024899
What are the prime factors of 1128809644?
2, 3391, 83221
List the prime factors of 286594862.
2, 143297431
List the prime factors of 1377181976.
2, 139, 1021, 1213
List the prime factors of 413029189.
413029189
List the prime factors of 559530514.
2, 7703, 36319
What are the prime factors of 528148942?
2, 157, 1009, 1667
List the prime factors of 3223384701.
3, 59, 18211213
List the prime factors of 1918725047.
1918725047
What are the prime factors of 190779437?
19, 37, 41, 6619
What are the prime factors of 394914224?
2, 24682139
What are the prime factors of 114943821?
3, 431, 88897
What are the prime factors of 219843882?
2, 3, 1357061
List the prime factors of 59594252.
2, 14898563
What are the prime factors of 914321565?
3, 5, 20318257
List the prime factors of 4286051469.
3, 7, 22677521
List the prime factors of 28498166.
2, 107, 133169
What are the prime factors of 8899213?
8899213
What are the prime factors of 1688576354?
2, 25097, 33641
What are the prime factors of 687818838?
2, 3, 7, 16376639
What are the prime factors of 560311458?
2, 3, 7, 587, 22727
What are the prime factors of 427709769?
3, 142569923
What are the prime factors of 193922023?
193922023
List the prime factors of 74881255.
5, 1471, 10181
List the prime factors of 475479204.
2, 3, 39623267
List the prime factors of 74898927.
3, 641, 12983
List the prime factors of 65906653.
65906653
List the prime factors of 4716466.
2, 89, 26497
List the prime factors of 368132393.
368132393
List the prime factors of 433279470.
2, 3, 5, 13, 1110973
List the prime factors of 19564807.
17, 1150871
What are the prime